
What is the value of (1 + 2 - (16 - 8)) + 806 + -844?
-43
Evaluate -14 + 4 - (-9 + -28 + 36) - 10.
-19
9 - 21 - -20 - (-34 - 8)
50
Evaluate 12 + -14 + -20 + (9 - 21 - -5) + 1.
-28
2 - 4 - -29 - (-860 + 867)
20
0 - (-15 - -1 - ((-24 - 40) + -13) - -9)
-72
What is the value of (-24 - -2) + 280 + -107 - (10 - (-4 + 3))?
140
What is the value of (3 - 13 - 0 - -10) + 23 - -10?
33
Evaluate 16 + -51 - (8 + -4 + 27).
-66
What is the value of 52 + -9 + -52 + (-2 - (-16 + 1))?
4
What is 3 + 80 + -2 + 34 + -46 + -7?
62
Calculate -4 - (11 - (56 - (-13 + 19 - -4))) - -11.
42
-32 + -87 + 89 + 11
-19
What is the value of 155 + -63 + 87 + -85?
94
Evaluate 13 - (-13 - (69 + -114)) - (27 - 1).
-45
7 + 4 - ((10 - (13 - 1)) + 4)
9
Calculate (-2 - (-7 + -8 + 11) - (-2 - -3)) + -11.
-10
Evaluate -270 + 292 - (7 - -16).
-1
What is the value of 6 + 11 + 6 + 16?
39
What is 10 + -33 - ((-12 - -7) + -50)?
32
Evaluate -11 - (-39 - -24 - (-18 - -1) - 44).
31
What is (0 - -20 - (483 + -439)) + -4 + (-3 - -2)?
-29
Calculate -14 + 4 + 10 - (13 - 13).
0
What is -3 + -31 + -49 + 51?
-32
Calculate 45 - 83 - -99 - 96.
-35
Calculate -76 - (15 - (47 - 5) - -3).
-52
91 + (-76 - (15 - 56 - -1))
55
What is the value of 10 + (1 - 1 - -11 - (-7 - 15))?
43
Calculate (-33 - -77) + 36 - 131.
-51
Calculate (8 - (10 - 16)) + -11 + 23 + -3.
23
Evaluate 0 + -3 - (-64 + 173 - 42).
-70
Evaluate 4 - (13 - -2) - -56 - (-3 - (-11 - -18)).
55
What is the value of 2 - (11 + (7 - (-3 - (13 - 23))))?
-9
Calculate -35 + 96 - (-7 - 0) - (36 + -51).
83
What is the value of -95 + -52 - -47 - -107?
7
1 + 16 - ((-48 - -16) + 14)
35
What is the value of -1 + 20 + 304 + -330 + -6?
-13
What is -36 + (-142 - (47 + -143))?
-82
Evaluate (-1 - 0) + (0 - (20 + -9 + 22 + -13)).
-21
-78 + (2 + -16 - (-48 - -47 - 28))
-63
What is the value of 44 - (16 - (4 - (-10 + 17 + -11)))?
36
179 + (164 - 353) - (-1 - -32)
-41
64 + -147 + 93 + (2 - 83) + (-2 - -1)
-72
53 + -157 + 50 - (1 - 38)
-17
-27 + 8 + -23 + 31 + 38 + 5
32
-69 + (-5 - (47 - (26 + 0)))
-95
What is the value of -30 + 6 + (62 - 19) + -117?
-98
What is the value of -84 - 16 - (118 + -174)?
-44
What is -17 + (-5 - -4) - (-94 - -106)?
-30
22 - (94 + 36 - 108)
0
Calculate -41 + -1 + (-21 - -25) + 21.
-17
Calculate -2 + 9 - (1001 - 1009) - 21.
-6
Calculate (-828 - -839) + -12 + -6 + 1.
-6
Calculate (-975 - -961 - (-16 + -1)) + (34 - -1).
38
What is -33 + -10 + (15 - ((11 + -11 - -5) + -6))?
-27
Calculate (105 - 108 - (-26 - -5)) + -74.
-56
What is 57 - (19 - -73 - 37)?
2
Calculate -26 + -2 + 0 + (209 - (160 - -28)).
-7
Calculate 37 + -25 + 32 + -19 + 0.
25
What is (-34 - -2) + 0 - 6 - -8?
-30
Calculate 71 - -2 - (-4633 + 4634).
72
(-6 - (10 + -7)) + 27 - 21
-3
What is the value of -31 + (1 - 9 - -32 - (24 - (24 + -14)))?
-21
Calculate (-161 - -1 - -17) + 55.
-88
What is 82 + -76 + -18 - (13 - 3)?
-22
What is the value of -178 + 197 - (25 + -4)?
-2
What is the value of (54 - (63 - -2)) + 1 + 35?
25
What is the value of -24 + -9 + (6 - (-1 + (-9 - -17))) - -11?
-23
What is (26 + -28 - (2 + -4)) + (-5 - -9 - 14)?
-10
3 + 13 + (42 - 9)
49
What is the value of 10 + (1 - (2 - 1)) + (-406 - (-928 + 598))?
-66
What is the value of -6 + 25 + -43 - 6 - -18?
-12
(4 - (12 - 8)) + -42 + -15 + 5
-52
What is -66 + 83 + (-4 - -1) + -28 + 67?
53
-19 + 1 - ((-2 - -21) + 184 + -256)
35
What is the value of 7 + (0 - 1 - (8 + (-7 - -12) - -18))?
-25
What is the value of 6 + -24 + 19 + -18 + (24 - 2)?
5
Calculate 93 + -7 + (-52 - 106).
-72
Calculate -167 + 60 + 24 + 53.
-30
Calculate (1 - 3) + -28 - (37 - 20 - (28 + -10)).
-29
Calculate 10 + (-46 - 70 - (-12 + 2)) + (-5 - 0).
-101
(-13 - -14 - (8 + -14)) + -26
-19
What is -2 - 14 - (48 + (-28 - 26)) - -50?
40
What is 6 + -41 + (7 - -21) + 79?
72
Evaluate -26 + 1 - (-1091 + 1053).
13
Calculate -56 - -115 - 61 - -83.
81
What is -3 + 1 + 39 + (-14477 - -14348)?
-92
Evaluate -24 - -7 - (-124 + 69).
38
What is -76 + (78 - 35) + 57?
24
What is 7 + 2 - (0 + -41 + (2 + 5 - 2))?
45
Evaluate (-3 - 1) + -2 + (0 + -1 - (25 + -48)).
16
What is the value of 0 - (-3 - -1) - (2 - (17 + -1) - 31)?
47
What is (41 + -12 - (35 + -21)) + 6 + -25?
-4
0 + 4 + (40 - 101) + 70
13
Calculate 22 + (-8 - 9 - -27 - -8).
40
Evaluate 1 + -1 - -12 - (34 - (-25 - (-43 - 12))).
8
What is the value of -20 - (211 + (-71 - 6))?
-154
What is the value of -21 + (0 - (43 + -41))?
-23
Evaluate 5 - 18 - (-8 - -13) - (24 - 56).
14
-18 + (5 - (23 - 30 - 35))
29
Evaluate (-17 - -9 - 8) + (3 - -13) - -15.
15
What is the value of -144 + (472 - 415) + -4 + -10?
-101
Evaluate -1202 + 1275 + (-46 - 0).
27
What is the value of 0 + -1 + -27 + (72 - 49)?
-5
13 - -1 - (36 + 86 - 65)
-43
What is -32 + -1 + -10894 + 10870?
-57
Calculate (-158 - -315 - 93) + (-5 - (5 + -3 + 0)).
57
What is the value of -2 + -2 - (-17 + 32 + -2 + -76)?
59
Evaluate (67 - 30 - 7) + 4 - 139.
-105
What is 14 + 46 + -155 - -117?
22
What is 57 - ((25 - 0) + -28 + (-15 - -31))?
44
-12 + 16 - (58 - (-3 + 2)) - (352 - 341)
-66
What is the value of (-9 - 1) + (95 - (61 - -26))?
-2
What is the value of -46 + (6 - -30) + 4 + -48?
-54
What is 5205 + -5189 - (-1 + -19)?
36
Calculate (13 + 72 - 29) + (5 - (-6 - (3 + -23))).
47
(-1 - (0 - 1)) + 152 + (-299 - -145)
-2
What is 65 - (79 + -49 + -7)?
42
Evaluate 71 - 5 - (196 - 160) - 35.
-5
Evaluate 6 - 2 - 36 - (2 - (23 + (5 - 25))).
-31
Evaluate (-29 - -45) + 23 + (-12 - -2).
29
Calculate (-38 - (17 + -27 + -21)) + 21.
14
-11 + -45 + -4 - (-3 + 13 + -1) - -11
-58
What is (9 - (55 + -50)) + -53 + -1 + 3?
-47
Evaluate 0 - (-3 - 71) - (29 - (-20 - (-53 - -2))).
76
What is the value of -3 - -15 - (60 + -42) - 16?
-22
What is -18 + 28 + (-2 + -1 - (8 - 10)) + -32?
-23
140 + (70 + -81 - 76)
53
-40 + 48 - (2 + 28)
-22
Calculate -37 + 29 + -22 + -3 + 20.
-13
-9 - (-36 - (-11 - -27))
43
What is -45 - ((11 - (-1 + 9 + -6)) + 4)?
-58
What is 17 - (-45 + 17 + 0) - 25?
20
What is the value of -16 + (-25 - -2) + (16 + -18 + 17 - 5)?
-29
What is -66 + -15 + 72 + -34?
-43
Evaluate -23 + 34 + -4 + (75 - 10).
72
Evaluate -19 - -12 - -77 - 25.
45
What is 43 + -121 + 71 + 11?
4
(-54 + -17 + 20 - -41) + 25 + 1
16
Calculate (2 + -21 - (154 - 167)) + -1 + -3.
-10
What is (4 + -9 - 5) + (-50 - -28) + 83 + -7?
44
What is -34 + 57 + -35 + (-1 - -13) - 120?
-120
-8 + 8 + -32 + 18 + 11
-3
What is the value of 37 - 38 - (2 - -1 - 0 - (33 + -70))?
-41
3 + -33 - (-5 + -9) - (-20 - 95)
99
Calculate -9 - (-71 - (-21 + 39 - 28) - (1 - -7)).
60
-52 + (36 + 21 - 43)
-38
What is 78 + -16 - 74 - (-83 - 0)?
71
What is the value of (-10 + 7 + 8 - (0 + 13)) + (0 - -66)?
58
Calculate -87 + (-111 - -136) - (2 + -16).
-48
What is 32 + -23 - 17 - (0 + 11 + -6)?
-13
(141 - 0) + -882 + 608
-133
Evaluate -49 + -29 + (-7 - (-16 - (6 + -14))).
-77
Calculate 506 + -408 + -9 + -65.
24
Calculate -3 + 3 + -40 + -4369 + 4401.
-8
Evaluate (64 - 2) + (51 - -10 - 83).
40
Evaluate -26 + 101 + -61 + 1 + -4.
11
What is the value of (12 + -32 - -35) + -54 + 2 - -2?
-35
What is -44 + (17 - 13) - (3 + (-2 - (2 - 2)))?
-41
Evaluate 14 - -40 - (-21 + -15 + 47).
43
What is the value of -458 - -468 - (1 + -2 - (4 - (65 + 6)))?
-56
What is 159 - (18 - -10 - -88)?
43
Evaluate -165 + 44 + 87 + -11.
-45
Evaluate -5 + -2 + -2 - (27 + (-3 - 38) + 81).
-76
Calculate -129 + (116 - 17) + 56.
26
(-7 - 4) + (-2 + -41 - (-200 - -185))
-39
-34 + 82 - (-9 - -52)
5
What is -87 + 37 + -28 + 31?
-47
Calculate 2 + -43 + (-4 - (-4 - (-22 + 22 + 3))).
-38
Evaluate -13 - (-14 + (-1 - 114) + (45 - -5) + -40).
106
What is the value of -1 + -24 - (6 - (10 - 17))?
-38
(14 - 24) + 47 + -56
-19
What is 1 - (-26 - -2 - -20) - 0?
5
Calculate -8 + (26 - (6 - -9)) + 9.
12
Calculate -14 + -2 + (1123 - 1107).
0
What is (-3 - (-7 + 5)) + (117 - 96)?
20
545 - 435 - (65 + -3)
48
What is the value of -62 + 8 + -45 + 76?
-23
88 - (-3 + 16) - 100
-25
What is the value of -147 - (-1 + -4 + (1178 - 1214))?
-106
53 + (-33 - -103) + -55
68
6 - (-62 + 66 - (5 + 2) - (31 - -1))
41
31 + -69 + 65 + -4
23
What is -76 + 60 + (-7 - -3) + 1?
-19
(-1 - (9 - (1 - -2))) + (0 - -8) + 90
91
Calculate (10 - (17 + -6 + 4)) + 3 + (-46 - 1).
-49
What is -124 - (31 + -1 - (18 - (30 + -27)) - 14)?
-125
What is -50 + -22 + 130 + -19?
39
-21 + 18 + 47 + -124
-80
What is -44 + 1 + (-256 - (299 - 665))?
